1
Let j(h) = -h**2 + 3*h + 6. Calculate j(5).
-4
Let g(l) = -l**3 + 15*l**2 - 28*l + 22. Determine g(13).
-4
Let m(h) = 5*h + 73. Determine m(-15).
-2
Let q(u) = 3*u**2 + 7*u - 41. Calculate q(3).
7
Let c(w) = 2*w - 64. Determine c(20).
-24
Let l(x) = x + 4. Determine l(-3).
1
Let i(y) = y**3 + 6*y**2 - 11*y. Calculate i(-8).
-40
Let q(d) = d - 6. Give q(0).
-6
Let g(z) = z**3 + 3*z**2 - 3*z - 6. What is g(-3)?
3
Let m(s) = s - 28. Calculate m(39).
11
Let o(h) = -4*h**3 + 6*h**2 - 9*h + 14. Determine o(2).
-12
Let z(l) = 6*l - 8. Calculate z(8).
40
Let y(t) = -t**3 + 10*t**2 - 5*t - 8. Calculate y(9).
28
Let h(m) = m + 149. Calculate h(0).
149
Let r(v) = -4*v - 5. What is r(-4)?
11
Let h(y) = -y**2 - 5*y - 2. Determine h(-4).
2
Let w(i) = 16*i + 660. Calculate w(-41).
4
Let p(h) = -h**3 + 8*h**2 - 7*h - 2. What is p(5)?
38
Let u(y) = y - 2. What is u(6)?
4
Let w(p) = p - 1. Determine w(10).
9
Let h(b) = -b**2 - 8*b - 11. Determine h(-6).
1
Let v(y) = -y**3 - 6*y**2 - 9*y + 3. Determine v(-4).
7
Let c(r) = -r**2 + 7*r - 4. What is c(4)?
8
Let z(p) = -5*p**2 - 5*p + 3. What is z(-3)?
-27
Let n(g) = -24*g - 142. Calculate n(-6).
2
Let p(f) = 7*f + 319. Give p(-47).
-10
Let b(p) = 5*p + 5. Give b(-4).
-15
Let a(n) = -3*n**3 - 3*n**2 + 2*n - 3. Give a(-3).
45
Let w(c) = c + 7. Give w(5).
12
Let n(c) = -c**2 + 53*c - 566. What is n(15)?
4
Let q(y) = 16*y**2 + 9*y + 7. What is q(-1)?
14
Let z(g) = 15*g - 2. Determine z(1).
13
Let u(m) = m**2 - 15*m + 3. Calculate u(15).
3
Let z(f) = f**2 - 10*f - 15. Calculate z(-6).
81
Let r(g) = -5*g + 70. What is r(0)?
70
Let u(o) = -o**2 - 2*o + 6. Calculate u(-4).
-2
Let t(m) = m**2 - 16*m + 52. Calculate t(7).
-11
Let j(x) = -18*x**3 + 10*x**2 - 3*x + 2. Determine j(1).
-9
Let f(s) = -2*s**2 - 3*s - 4. Determine f(-3).
-13
Let c(f) = f**3 - 7*f**2 + 10*f - 16. Determine c(6).
8
Let c(a) = -9*a**2 + 2*a + 13. Give c(-3).
-74
Let n(p) = 9*p + 6. What is n(6)?
60
Let q(k) = -k**2 + 31*k + 217. Give q(37).
-5
Let u(r) = 2*r**2 - 13*r + 9. What is u(8)?
33
Let q(r) = -5*r**2 - 2*r + 3. What is q(2)?
-21
Let r(i) = -i**2 - 8*i - 11. Calculate r(-5).
4
Let z(d) = d**3 + 9*d**2 - 2*d - 8. What is z(-9)?
10
Let i(r) = -10*r + 8. Give i(-4).
48
Let s(p) = p**3 - 9*p**2 - 3*p - 11. Give s(8).
-99
Let a(b) = 7*b - 8. What is a(4)?
20
Let y(h) = -19*h**3 - h**2 + 3*h - 1. What is y(1)?
-18
Let d(c) = -41*c - 488. Calculate d(-12).
4
Let a(r) = 9*r - 303. What is a(31)?
-24
Let z(q) = 10*q**2 - q + 1. What is z(1)?
10
Let s(l) = 2*l - 11. What is s(10)?
9
Let i(d) = d**2 + 12*d - 23. Calculate i(-11).
-34
Let m(u) = 30*u - 2. What is m(-1)?
-32
Let o(i) = i**2 - i. Calculate o(-3).
12
Let u(d) = -d**3 + 7*d**2 + 9*d + 8. Give u(8).
16
Let b(y) = -y - 18. Calculate b(-11).
-7
Let u(c) = -25*c. What is u(-1)?
25
Let v(s) = s**3 + 3*s**2 - 15*s - 9. Calculate v(-6).
-27
Let u(f) = f**3 - 42*f**2 + 6*f - 249. Calculate u(42).
3
Let m(b) = -b**3 - 13*b**2 - 18*b + 25. Calculate m(-11).
-19
Let m(f) = f**3 - 5*f**2 + 5. Give m(5).
5
Let z(x) = -3*x + 8. Determine z(5).
-7
Let s(i) = -i**2 - 12*i - 5. Give s(-10).
15
Let w(o) = -5*o**2 - 2*o - 1. Calculate w(-1).
-4
Let v(u) = 2*u**2 + 6*u + 20. Determine v(-6).
56
Let u(l) = -3*l + 16. Determine u(7).
-5
Let f(k) = -5*k + 6. Determine f(2).
-4
Let s(t) = -t**2 + 9*t + 12. Determine s(15).
-78
Let y(l) = -l + 6. Calculate y(25).
-19
Let y(d) = 4*d - 42. What is y(-4)?
-58
Let o(t) = -t**2 + 2*t + 6. Calculate o(5).
-9
Let n(o) = -12*o + 83. What is n(7)?
-1
Let p(v) = -2*v**2 + 4*v + 4. Determine p(-2).
-12
Let n(t) = 3*t - 10. Determine n(2).
-4
Let p(t) = -t**3 + t**2 + 8*t + 5. Determine p(-2).
1
Let v(p) = -p**3 - 51*p**2 - 97*p + 77. Determine v(-49).
28
Let x(h) = -2*h**2 - 4*h + 17. Calculate x(-5).
-13
Let t(u) = 2*u**2 - 4. Give t(0).
-4
Let f(w) = w**2 - 11*w + 1. Calculate f(11).
1
Let y(g) = -g**2 - 17*g + 32. Determine y(-20).
-28
Let r(j) = 5*j - 64. Give r(12).
-4
Let w(j) = -5*j - 2. Give w(-8).
38
Let a(d) = 2*d**2 - 10*d + 11. Give a(5).
11
Let i(p) = -p**3 - 5*p**2 - 2*p + 8. Give i(-3).
-4
Let u(i) = i - 2. Calculate u(6).
4
Let q(g) = -g**3 + 9*g**2 - 11*g + 1. Determine q(8).
-23
Let h(l) = 9*l + 4. What is h(-4)?
-32
Let m(i) = -i**2 - i + 10. Give m(-3).
4
Let f(q) = 25*q + 9. Calculate f(-3).
-66
Let m(d) = -d**3 + d**2 - d - 3. What is m(3)?
-24
Let s(m) = -m**3 + m**2 + 2*m - 6. What is s(0)?
-6
Let k(m) = m**2 + 3*m - 7. Calculate k(5).
33
Let j(q) = 7*q**3 - 2*q**2 - q - 2. Determine j(2).
44
Let r(d) = d**3 + 6*d**2 + 7*d - 23. What is r(-5)?
-33
Let r(i) = 2*i**3 - 12*i**2 + i + 9. Determine r(6).
15
Let a(l) = -l**2 + 16*l - 19. Calculate a(13).
20
Let t(q) = q**2 - 7*q + 24. Give t(10).
54
Let h(f) = 2*f**2 - f + 8. Calculate h(6).
74
Let l(m) = -2*m - 8. Determine l(-8).
8
Let c(m) = -m**3 + 2*m**2 - 2. Give c(2).
-2
Let y(h) = 17*h + 57. What is y(-4)?
-11
Let t(j) = 35*j - 7. Calculate t(1).
28
Let s(d) = d**2 + 13*d + 30. Determine s(-12).
18
Let c(n) = -n**2 + 2*n. Give c(3).
-3
Let d(n) = n**3 + 8*n**2 - 31*n + 24. Determine d(-11).
2
Let z(x) = -2*x**2 + 3*x - 4. Calculate z(3).
-13
Let m(c) = -11*c + 19. Determine m(5).
-36
Let v(d) = -d**2 - d + 8. Determine v(-2).
6
Let m(k) = k**3 - 8*k**2 + 15*k - 1. What is m(4)?
-5
Let i(f) = f**2 + 17*f + 44. What is i(-4)?
-8
Let w(x) = -2*x**2 - x + 21. Determine w(5).
-34
Let t(u) = -u**3 + 6*u**2 - 1. What is t(3)?
26
Let z(g) = -g**3 - g**2 + g. What is z(-1)?
-1
Let s(v) = v**3 + 11*v**2 - 19*v - 15. Give s(-13).
-106
Let i(r) = r**2 - 15*r + 48. Give i(9).
-6
Let y(k) = k**3 + 12*k**2 + 23*k - 39. What is y(-9)?
-3
Let x(q) = q**3 - 27*q**2 - 31*q + 61. Calculate x(28).
-23
Let f(k) = -2*k**3 + 14*k**2 - 13*k - 1. Determine f(6).
-7
Let r(i) = -i**2 - 9*i - 1. Give r(-9).
-1
Let z(s) = 3*s**3 - 9*s**2 - s - 6. What is z(3)?
-9
Let q(x) = -x - 7. Calculate q(11).
-18
Let j(k) = 5*k - 4. Determine j(2).
6
Let p(j) = -j**2 + 4*j - 14. What is p(7)?
-35
Let o(n) = n**2 - 27*n - 9. What is o(26)?
-35
Let j(l) = -3*l**2 + l - 3. Determine j(3).
-27
Let t(b) = b**2 - 22*b + 93. Give t(7).
-12
Let g(o) = o**3 - 19*o**2 - 64*o - 13. Calculate g(22).
31
Let d(p) = p**3 + 10*p**2 + 9*p + 5. What is d(-9)?
5
Let m(o) = 12*o**2 + 109*o + 8. Give m(-9).
-1
Let j(q) = -7*q - 26. Calculate j(-5).
9
Let x(o) = -o**3 + 9*o**2 + 7*o + 11. Calculate x(10).
-19
Let r(v) = -6*v - 10. Calculate r(-3).
8
Let h(u) = 6*u**2 + 5*u + 11. What is h(-4)?
87
Let i(u) = -u + 12. Determine i(19).
-7
Let z(b) = 4*b**3 - 2*b**2 - 3*b + 4. Determine z(3).
85
Let g(j) = -2*j + 1. Give g(0).
1
Let l(v) = 3*v - 4. Give l(28).
80
Let j(s) = -s**3 - 3*s**2 + 8. Calculate j(-4).
24
Let z(n) = 2*n - 11. Determine z(5).
-1
Let c(s) = -s**3 + 3*s**2 - 4*s + 5. Give c(2).
1
Let r(a) = 5*a + 128. What is r(-25)?
3
Let s(r) = -10*r - 230. What is s(-29)?
60
Let z(v) = 2*v**2 - 8*v + 2. Determine z(3).
-4
Let r(s) = s**3 - 4*s**2 + 2*s + 2. Give r(2).
-2
Let v(u) = u - 2. Give v(0).
-2
Let v(u) = 3*u + 12. What is v(12)?
48
Let o(j) = 12*j. Determine o(-3).
-36
Let p(b) = 7*b + 6. Calculate p(-2).
-8
Let r(o) = -6*o**3 + 2*o**2 + o - 2. Calculate r(1).
-5
Let a(p) = -p - 9. Give a(-13).
4
Let i(l) = l + 14. What is i(0)?
14
Let z(m) = -m**3 - 4*m**2 + 5*m + 2. Give z(-5).
2
Let z(q) = q**2 + 7*q - 20. What is z(0)?
-20
Let a(z) = -z**3 - 24*z**2 - z - 27. Determine a(-24).
-3
Let q(y) = 3*y**3 + 27*y**2 + 28*y + 12. Determine q(-8).
-20
Let f(j) = j**3 + 11*j**2 - 10*j + 5. Give f(-12).
-19
Let s(h) = 5*h - 9. Determine s(1).
-4
Let h(g) = -g**2 + 34*g + 108. Determine h(37).
-3
Let j(i) = i**3 + 8*i**2 + 7*i - 8. Calculate j(-7).
-8
Let s(c) = -c**3 - 4*c**2 + 6*c + 4. What is s(-5)?
-1
Let j(k) = -k**3 + 6*k**2 + 6*k + 10. What is j(7)?
3
Let i(z) = -3*z - 26. Determine i(-8).
-2
Let u(c) = 2*c**3 + 39*c**2 - 22*c - 46. What is u(-20)?
-6
Let z(k) = -k**2 + 5*k. Determine z(8).
-24
Let w(x) = 24*x - 13. What is w(2)?
35
Let v(z) = 2*z**2 - 11. What is v(-3)?
7
Let w(o) = -o**3 - 3*o**2 + 6*o + 5. Calculate w(-4).
-3
Let n(s) = 2*s**2 - 8*s + 10. What is n(7)?
52
Let k(x) = x**3 + 5*x**2 + 8*x + 8. Calculate k(-4).
-8
Let n(q) = -q**2 - 6*q - 2. Give n(-5).
3
Let i(v) = -5*v**2 + v + 12. What is i(5)?
-108
Let v(l) = 2*l**2 - 18*l + 35.